 2 + 4. Determine n(z).
9
Let a = -142 + 146. Let m(v) be the second derivative of 1/3*v**3 + 0 + a*v + 3/2*v**2. Determine m(-3).
-3
Suppose -q + 2*h - 10 = 0, 0 = 4*q - 5*h + 2*h + 25. Let z(m) = -m - 1. Let k(s) = s - 7. Let d(u) = -k(u) - 2*z(u). Calculate d(q).
5
Let f(y) = -10 + y + 10. Let i be f(-6). Let q(j) = -j**3 - 7*j**2 - 5*j + 2. Give q(i).
-4
Let z(b) = -2*b + 13. Let x be z(5). Let a(k) = -k**2 + 2*k - 4. Calculate a(x).
-7
Let c(b) = -b**3 + 6*b**2 + b - 1. Let l = 49 - 43. Determine c(l).
5
Let n = 11 - 8. Let l(p) = p**3 - 2*p**2 - p - 1. Let j be l(n). Let x(h) = j*h + 4*h - 2*h - h. Give x(-1).
-6
Suppose 0 = 3*f + 2*x + 16, -5*x - 8 = -2*f + 13. Let h(g) be the second derivative of g**5/10 + g**4/12 - g**3/3 - g**2 - 2*g. What is h(f)?
-10
Let h(w) = -w - 10. Suppose 0 = 3*u + 6*u - 63. Determine h(u).
-17
Let u(p) be the first derivative of p**2/2 + 4*p + 3. Let c = -13 - -10. Give u(c).
1
Let g(j) = j**3 + j**2 - 3*j - 1. Let d(a) = -2*a**3 - 3*a**2 + 7*a + 2. Let f(w) = 6*d(w) + 13*g(w). Give f(3).
-10
Suppose 0*f = -2*f + 8. Let t be (2/f*4)/1. Let j(u) = 9*u - 2*u + 2*u**2 + 5 - u**t. What is j(-4)?
-7
Let f = 8 - 7. Let u(g) = -5*g**3 - g**2 + 1. Give u(f).
-5
Let h(i) = i**2 - 16*i + 35. Let r be h(12). Let o(m) = -m - 10. Give o(r).
3
Let t(i) = i**3 + 0 - 2*i**2 - 1 + i - i**2. Suppose 0 = -11*c + 6*c - 75. Let h be (12/c)/(4/(-10)). Calculate t(h).
-3
Let o(c) = -c + 13. Let t be (1 - 2)*(4 + -4). Give o(t).
13
Suppose 4*s = 2*p + 2*s + 2, -16 = -4*s. Let c(t) = t**2 + 2*t**2 - 4*t**2 + 2*t**2 - 2 + p*t. What is c(-5)?
8
Let h(d) be the first derivative of -d**6/360 + d**5/24 + d**4/24 - 8*d**3/3 - 7. Let c(f) be the third derivative of h(f). What is c(5)?
1
Let s(b) = -b**2 - 2*b + 1. Let h be s(2). Let n(z) = z**3 + 8*z**2 + 6*z + 6. Determine n(h).
13
Let d(k) = -3*k - 1. Let q = 5 - 2. Suppose q = w - 6*y + 2*y, y = 3*w - 9. Give d(w).
-10
Let o be 0 + (-5*2)/2. Let r = -10 - -13. Let l(y) = y. Let i(f) = -f**3 - 5*f**2 - 3*f - 1. Let g(d) = r*l(d) + i(d). Give g(o).
-1
Let r(l) be the third derivative of l**4/24 + l**2. Let z(d) = -d**2 - 7*d - 3. Let x(y) = -4*r(y) - z(y). Suppose -7*j = -3*j + 12. Determine x(j).
3
Suppose -8*z = 15 - 15. Let l(w) be the second derivative of z - 7/6*w**3 - 5/2*w**2 + 1/20*w**5 + 1/4*w**4 + 4*w. Determine l(-4).
7
Let f(j) be the third derivative of -j**5/15 + j**4/6 - j**3/3 + 3*j**2. What is f(2)?
-10
Let d(k) = -5*k + 7. Let j(q) = 9*q - 14. Let u(a) = a**2 + 5*a - 9. Let c be u(-7). Let f(r) = c*d(r) + 3*j(r). Give f(5).
3
Suppose -4*w + 9 = 1. Let m be ((-4)/5)/((-4)/10). Let h(q) = -4*q + 6*q - 4*q - m. Give h(w).
-6
Let y(s) = -s**2 - 9*s - 4. Let p be y(-9). Let b(c) = 3*c**2 + 5*c. Let t(k) = 4*k**2 + 6*k. Let x(m) = -3*b(m) + 2*t(m). What is x(p)?
-4
Let j(w) = 2*w**2 - 6*w + 5. Let a(p) = p**2 - p + 1. Let x(h) = -3*a(h) + j(h). What is x(-6)?
-16
Let w(q) = 2*q - 1. Let z be w(2). Let l(y) be the second derivative of -y**5/20 + y**4/3 + y**3/6 + 8*y. Determine l(z).
12
Let l(j) = -j**3 - 4*j**2 - 3*j + 2. Let u(x) = -x - 6. Let q be u(-3). Calculate l(q).
2
Let t(n) = -n**3 + 12*n**2 + n - 5. Suppose 0*s - 2*s - 20 = -a, -a + 16 = -s. Give t(a).
7
Let i(r) = r**3 + 4*r**2 + 4*r + 2. Suppose 5*a + 0 = d + 30, -2*a - 2*d = 0. Suppose c + 0*c + 9 = -3*z, -c + 7 = -a*z. Determine i(c).
-1
Let n(d) = d**3 - d**2 - d + 1. Let a(h) = -6*h**3 - h - 6. Let t(j) = a(j) + 5*n(j). Calculate t(-3).
-1
Suppose 5*r - 3*r = 5*x + 55, -r = -5. Let m(d) = -d**2 - 8*d - 2. Calculate m(x).
-11
Let c(d) = d**2 + d - 1. Let w(v) = -v**3 - 2*v**2 - 2. Let z be w(0). Give c(z).
1
Let b = -8 + 6. Let n be (1 - (-1 - b)) + 4. Let q(x) = 0*x - 6*x + n*x. Give q(-2).
4
Let i(o) = -5*o**2 + o**3 - 1 + o**2 + o - o**2. Let v be -8 - -16 - (2 - -1). Calculate i(v).
4
Let z(v) = 2*v**2 + 23*v + 5. Let m(t) = t**2 + 12*t + 3. Let b = 11 - 0. Let l(u) = b*m(u) - 6*z(u). What is l(-6)?
3
Let p(j) = -j**3 - j + 4. Suppose c = 3*c. Determine p(c).
4
Let d(v) = v**2 + 3*v**3 + v - 8*v**3 + 2 + 2*v**3 + 2*v**3. What is d(3)?
-13
Let l(s) = -s**2 - 47 - 54 + 104 + 2*s. Give l(5).
-12
Let f = 4 - 2. Let m(w) = 0*w + w**2 + 3 + f + 7*w. Calculate m(-5).
-5
Let o(m) = m**3 - 8*m**2 + 8*m - 2. Let a be o(7). Let n(h) = 2*h**2 + 3*h. Let v be n(-2). Let j(l) = -v*l + 0*l - l + 7. Give j(a).
-8
Let i(d) be the third derivative of d**6/120 - d**5/20 - d**4/24 - d**3/3 - 3*d**2. Give i(3).
-5
Suppose -13 - 7 = -4*u. Let h(r) = 0*r**2 + 8*r**2 + 2 - r**3 + 2 - r. Let q(k) = k**3 - 7*k**2 + k - 3. Let c(n) = 2*h(n) + 3*q(n). What is c(u)?
4
Let o(a) = -8*a - 6*a**2 + 2 + 1 + 3*a**2 + 4*a**2. Determine o(7).
-4
Suppose 8 = -2*m - 2*b, -b = 4*m - 0*b + 16. Let s(c) be the second derivative of -1/12*c**4 - c**3 - 3/2*c**2 + 6*c + 0. Give s(m).
5
Let c(g) = 7*g - 5. Let f(y) = 8*y - 5. Let v(s) = 5*c(s) - 4*f(s). Let l be 7 - (0 - 0 - -2). Calculate v(l).
10
Let y be 3/((-1*2)/(-2)). Suppose y*r - 6 = 9. Suppose r = -4*k + 1. Let d(h) = 2*h**3 + 2*h + 1. Give d(k).
-3
Let l = 48 - 51. Let a(w) = 5*w + 3. Determine a(l).
-12
Let k(o) = o**3 + 5*o**2 + o + 3. Let r = 14 + -19. Determine k(r).
-2
Let t(r) = r**2 + 5*r + 6. Let g(w) = 4*w + 5. Let z(p) = -4*g(p) + 3*t(p). What is z(-2)?
12
Let m(a) = -a - 4. Let n(k) = 2*k + 8. Let i(l) = 9*m(l) + 4*n(l). Suppose 47*z = 41*z. Give i(z).
-4
Let q(z) = 3*z - z - z. Let d be q(-2). Let p(f) = f**3 + 1 + f**3 + 3*f**2 + 1 + 3*f. What is p(d)?
-8
Suppose 3*k - 3*h = 12, -2*h = 5*k - 0*h - 27. Let n(s) = s**3 - 4*s**2 - 4*s - 3. Calculate n(k).
2
Let o(t) = -t**3 - 6*t**2 + 3*t + 5. Let u be -3 - 2/((-4)/(-6)). Give o(u).
-13
Let u(k) = -1. Let a(l) = -l**2 + 3*l + 10. Let z(i) = a(i) + 2*u(i). Suppose -r + 2*r - 6 = 0. What is z(r)?
-10
Let t(m) = -5*m - 3*m**2 - m**3 - 5 - 2*m**2 + 3*m. Suppose -2*z - 7 = 3*n + 3, n = 3*z + 15. Calculate t(z).
5
Suppose -a + 6 = 2*a. Let x(t) = -t. Let r be x(-2). Let d(s) = -3*s**2 + 3*s - r*s + 4*s**a. Calculate d(-1).
0
Let h(q) = 2*q + 3. Let b(j) = 3*j + 14. Let r be b(-6). Give h(r).
-5
Suppose 10*j - 25 = -15*j. Let h(o) = o - 1. Let a be h(2). Let k(w) = -a + 9*w + 1. Calculate k(j).
9
Let o(t) = -t**2 - 10*t - 3. Let u = -66 + 57. Determine o(u).
6
Let g(a) = -a**3 - 2*a**2 + 9*a - 2. Let o(t) = -2*t**3 - 3*t**2 + 17*t - 3. Let y(u) = 11*g(u) - 6*o(u). Give y(5).
6
Let h(q) = -q**3 - 7*q**2 - 7*q. Suppose -5*s = k + 34, -3 = 5*s - 4*k + 11. What is h(s)?
6
Let w(a) be the third derivative of -a**4/24 - a**3/2 + a**2. Suppose -3*h + 4*h = 0. Calculate w(h).
-3
Let m(u) = -u**2 + 5*u - 3. Suppose 2*f - 19 = -3*k, 2*f = -0*k + 3*k + 1. Give m(f).
-3
Let z(a) = -7*a**3 + 4*a**2 + 12*a + 8. Let m(v) = -v**3 + v + 1. Let c(r) = 6*m(r) - z(r). What is c(5)?
-7
Let b(j) be the third derivative of 0 - 1/24*j**4 + j**2 + 0*j - 3/40*j**5 + 2/3*j**3. Let i(o) be the first derivative of b(o). Determine i(-1).
8
Let w(i) = i. Let l(n) = -3*n**2 - 5*n + 1. Let d(j) = l(j) + 3*w(j). Let h = -152 - -153. Give d(h).
-4
Let l(j) = -6*j - 6. Let f be l(-1). Let c(r) = -r**2 - r. Determine c(f).
0
Let t(k) = k**2 + 6*k + 5. Let o(r) = -r**2 - 6*r - 6. Let p(w) = -3*o(w) - 4*t(w). Let i = 46 - 51. What is p(i)?
3
Let g = -1 + 4. Suppose -4*s + 3*m + 2*m = -11, -2*s + g*m + 5 = 0. Suppose 5*y = -5*r + 10, 0*y - 3*y + 4 = s*r. Let c(t) = -t - 3. Give c(r).
-1
Suppose -2*i - 4 = -3*i. Let f = -1 + i. Let h(k) = 6*k + 0*k + f + 3*k**2 - 2*k - 2*k. Give h(-2).
11
Let y(k) = -4*k. Let c be y(-1). Suppose 0 = -4*j + 8, -c*j = 3*u - 3*j - 11. Let v(p) = -p**2 + 1. Give v(u).
-8
Suppose 2*d + 50 = -3*k + 2*k, -4*k = 3*d + 70. Let l be 2/(-6) + d/(-6). Let i(c) = -1 + c + 3 - 3. What is i(l)?
3
Let c(l) = l**3 + l**2 + 13*l. Let n(q) = 2*q**3 + 3*q**2 + 25*q. Let b(z) = 11*c(z) - 6*n(z). What is b(-6)?
6
Let k be (-2)/(1*2) + 4. Let u(g) be the first derivative of 2*g**2 + g + 75. Determine u(k).
13
Let c(p) = -p + 1. Let o be c(-2). Suppose o*a = -5*q + 10, -3 - 32 = 2*a - 5*q. Let k = a + 7. Let t(m) = 2*m**2 - 4*m + 3. Determine t(k).
3
Let r(b) = 6*b**2 - 5 - 7 - b**2 + 13. Give r(-1).
6
Let l = -14 + 9. Let w = l + 7. Let g(o) = -1 - 7*o**2 + 9*o**2 - 2*o + 3*o. What is g(w)?
9
Let i(m) = -3*m**2 - 9 - 2*m + 2*m**2 + 6 + 0*m. Calculate i(-2).
-3
Let 